 What are the prime factors of o?
2
What are the prime factors of (33/(-12))/((-4)/48)?
3, 11
Suppose 24*t = 16*t + 2408. What are the prime factors of t?
7, 43
List the prime factors of 10*2*5/10.
2, 5
Let z(g) = -7*g**3 - 21*g**2 - 6*g + 19. Let b(w) = 3*w**3 + 10*w**2 + 3*w - 9. Let r(s) = 9*b(s) + 4*z(s). What are the prime factors of r(6)?
13
Let c = -80 + 101. What are the prime factors of c?
3, 7
Suppose -5*k + 9 = -3*b - 5, -5*b = 4*k - 26. What are the prime factors of (0 - b)/((-4)/18)?
3
Let i(h) = h**3 + 11 + 0*h + 8*h**2 - 1 + h. List the prime factors of i(-8).
2
Suppose s - 5*s = -8. Suppose -s*g + 12 = -g + 5*b, -g = -2*b - 12. List the prime factors of g.
2, 3
Let k = 582 - 412. Suppose -4*y = y - k. List the prime factors of y.
2, 17
What are the prime factors of 234/10 + (-30)/(-50)?
2, 3
Let t(i) = 3*i + 7. Let b be t(7). Suppose 5*l - 93 = -b. List the prime factors of l.
13
Let x(d) = -d**3 + 4*d**2 + 4*d + 7. Let s be x(5). What are the prime factors of (-5)/s*6/(-5)?
3
Suppose -s + 2*u - 30 = 0, 3*s = -4*u - u - 112. Let f be (0 - 1)/(-1) - 0. List the prime factors of -3 - f/(2/s).
2, 7
Let h(q) = q**2 - 6*q - 8. Let b be h(8). Suppose -b - 1 = -o. List the prime factors of o.
3
Let t(i) = i**2 - 9*i + 11. Let p be t(8). Suppose p*a = -5*f + 52, a = -4*f - f + 34. What are the prime factors of a?
3
Suppose 8 = -2*v + 20. Suppose -3*o - 4*s - 48 = -v*o, 0 = -4*o + 5*s + 63. List the prime factors of o.
2, 3
Let q = 3 + -3. Suppose 3*g + 3*w = 0, g + 3*w = -q*w + 4. Let y(v) = 2*v**2 + v - 2. List the prime factors of y(g).
2
Let q(x) = -x**3 + x**2 + 5. Let j = 0 - -2. Suppose j*r = -0*r. What are the prime factors of q(r)?
5
Suppose 0 = -3*d - 0*d + 93. What are the prime factors of d?
31
Let j(b) = -4*b**2 + 4*b**2 + 10*b**2 + b**2 + b. List the prime factors of j(1).
2, 3
Let z be 6*1/3*-2. Let f = 2 + z. List the prime factors of -1*(1*-7 - f).
5
Let n(k) = -4*k - 25. Suppose 5*o + 51 = -3*b, -3*b - 2*b = -3*o - 51. What are the prime factors of n(o)?
23
Let h(w) be the second derivative of w**3/2 - 7*w**2 + 7*w. What are the prime factors of h(12)?
2, 11
Suppose -17*k = -13*k - 904. List the prime factors of k.
2, 113
Let t = -140 - -269. List the prime factors of t.
3, 43
What are the prime factors of 1/((-51)/(-7746)) + (-12)/(-102)?
2, 19
Let a = -4 - -4. Suppose a*t - 20 = 5*t. Let f = t + 6. List the prime factors of f.
2
Suppose -3*s - 2*s - 4*o + 10 = 0, 0 = 3*s + 3*o - 9. Let y be (-2 + 3 - s) + 1. Suppose 4*v - y*j = 68, -4*v + 70 + 12 = 3*j. What are the prime factors of v?
19
Let g(k) = -k**3 + 3*k**2 - 2*k + 2. Let u be g(2). Let x be 2285/35 + 4/(-14). Suppose -3*z = u*z - x. List the prime factors of z.
13
Suppose 4*u + 96 = 4*g, g - u = -g + 49. List the prime factors of g.
5
What are the prime factors of -1 + 13/15 + (-8961)/(-45)?
199
Let d(c) = c**2 - 3*c - 18. List the prime factors of d(-10).
2, 7
Let u(m) be the first derivative of -1 + 10*m + 1/2*m**2. What are the prime factors of u(0)?
2, 5
Let r(s) = 2*s - 5. Suppose u = -k + 10, -u - 3*u + 8 = -4*k. What are the prime factors of r(u)?
7
Suppose -3*s = -0*s, 3*m - 5*s - 489 = 0. List the prime factors of 4/22 + m/11.
3, 5
Let s = 179 - 148. What are the prime factors of s?
31
Let a be ((-2)/3)/(8/(-168)). Suppose -t = t + 4*b - a, 4*t + 5*b = 25. List the prime factors of t.
5
List the prime factors of 964/10 - (-22)/(-55).
2, 3
Let q be (-2)/(-8) - 42/(-24). Let a = 29 + q. Suppose -3*t + a = -5*k, 0 = 3*t + 2*t + k - 33. What are the prime factors of t?
7
Let t = -8 - -17. Let q = t - 2. What are the prime factors of q?
7
Suppose 0 = -w + 9 + 37. List the prime factors of w.
2, 23
Suppose 35 = 2*j - 21. What are the prime factors of j?
2, 7
Suppose 3*g - 65 = -q, 0*q + 5*g = 2*q - 152. List the prime factors of q.
71
Let c(p) = 13 + 2*p - 3*p - 15. What are the prime factors of c(-7)?
5
Suppose k + 0 = 5. Suppose -k*w + 68 = -2. Suppose 2 + w = 4*y. What are the prime factors of y?
2
Let k = -103 - -114. What are the prime factors of k?
11
Let f(d) = -d**2 + 9*d - 9. Let v(r) = -2*r - 5. Let n be v(-6). Let b be f(n). Suppose h + 4*t - 6 = -t, 0 = 4*h - b*t - 49. List the prime factors of h.
11
Let i = -77 + 111. What are the prime factors of i?
2, 17
Let r(k) = 0 + 4 - k + 20. What are the prime factors of r(0)?
2, 3
Suppose 2*w - 20 = -2*w. Suppose 3*i - 5*d + 16 = 0, -3*i = -w*i + d - 6. Let v(o) = -o + 1. List the prime factors of v(i).
3
Let w be 0 - (3 - (0 + 5)). Suppose 0 = 3*t - 4*g + 15 - 1, -5*t + 5 = -g. Suppose -36 = -w*m - t*m. List the prime factors of m.
3
Let t = 16 + -11. Suppose -t*x = -49 - 11. What are the prime factors of x?
2, 3
Suppose 19*b = 15*b + 148. What are the prime factors of b?
37
Let m(k) = 14*k**2 - 6*k + 1. What are the prime factors of m(5)?
3, 107
Suppose -132 = -4*c + 124. List the prime factors of c.
2
Let v = -7 - -18. Let l = v + 6. What are the prime factors of l?
17
Let f = 15 - -54. List the prime factors of f.
3, 23
Suppose -4 = -3*d + 8. Let u(t) be the second derivative of -t**5/20 + t**4/3 + t**3/3 + t**2 - 7*t. What are the prime factors of u(d)?
2, 5
Let g = 328 + -199. What are the prime factors of g?
3, 43
Let l(d) = -93*d + 1. Let b be l(-1). Suppose -2*j = 3*r - b, -j + 78 + 49 = 4*r. List the prime factors of (-2)/(-6) + r/12.
3
Let g(x) be the first derivative of -2*x - 2 + 3/2*x**2. List the prime factors of g(4).
2, 5
Let q(h) = -7*h**3 + h**2 - 1. Let u be q(-1). Suppose -3*g + 0*g = -9. Let a = u + g. What are the prime factors of a?
2, 5
Let y(s) = s - 5. List the prime factors of y(12).
7
Let v(u) = -u. Let a be v(-2). Let l = -8 + 49. List the prime factors of l/4 - a/8.
2, 5
Let f(j) be the first derivative of -j**4/4 - 7*j**3/3 + 10*j + 5. Let o = 5 - 12. What are the prime factors of f(o)?
2, 5
Let s = 9 - 0. Suppose -k - s = -4*k. List the prime factors of k.
3
Let w = 43 + -14. Suppose 0 = 11*i - 598 + 114. Let u = i - w. List the prime factors of u.
3, 5
Let l(q) = 2*q - 4*q + 14*q. Suppose 4*s - 6 + 2 = 0. What are the prime factors of l(s)?
2, 3
Suppose -2*v - 3*v - 25 = 0, 5*w - 4*v = 180. Suppose 3*q = 2*m - 13 + w, -5*q + 29 = -4*m. Suppose -16 - q = -5*n. What are the prime factors of n?
5
Let o(k) = 7*k + 50. List the prime factors of o(21).
197
Let a(n) = n**2 + 7*n - 12. List the prime factors of a(5).
2, 3
Let n(u) = -u**2 + 9*u - 1. Let p be n(6). Let o = 32 - p. What are the prime factors of o?
3, 5
Let q = -14 + 27. List the prime factors of q.
13
List the prime factors of (255/68)/((-3)/(-56)).
2, 5, 7
Let d = -13 + 26. What are the prime factors of d?
13
Let v(z) = 51*z**3 - z**2 + 2*z - 2. List the prime factors of v(1).
2, 5
Suppose -10 = -5*j - 3*m, 3*j - m - 3 = 3. Let c(r) = 3*r**3 - 2*r**2 + 3*r. What are the prime factors of c(j)?
2, 11
Let z(i) = -i**3 + 3*i**2 - i. Let w be z(2). Let r be 4/(-20) - w/(-10). What are the prime factors of (-11*2)/(-2 - r)?
11
Let w(v) = -v + 2. Let r be w(1). What are the prime factors of 98/(-7)*-2*r?
2, 7
Let g = 8 - 13. Let k(m) = 2*m + 7. Let t be k(g). Let o = t + 6. What are the prime factors of o?
3
What are the prime factors of -3 + 3 - -4 - -148?
2, 19
Let z = 20 + 21. What are the prime factors of z?
41
Let k(x) = -5*x - 2. Let f(w) be the second derivative of -w**4/6 - w**3/3 + w**2 + 2*w. Let l be f(-2). What are the prime factors of k(l)?
2
Suppose -3*c = -2*d - 155, 0 = -2*c - 2*d + 131 - 11. What are the prime factors of c?
5, 11
Let h(z) = -3*z + 6. List the prime factors of h(-9).
3, 11
Suppose c = -c + 90. Let q be ((-2)/(-6))/(5/c). Suppose -j + 8 = q*l, -j - 5*l + 18 = 3*j. What are the prime factors of j?
2
Let i(y) be the second derivative of y**5/20 - y**4/2 - 7*y**3/6 + y**2 - y. Let f be i(7). Suppose -o = -f - 2. What are the prime factors of o?
2
Let z(d) = 14*d - 14. Let l be z(6). Suppose 28 = -2*m + l. What are the prime factors of m?
3, 7
Suppose 2*t = 10, -w + t = -0*t - 8. What are the prime factors of w?
13
Let l(c) be the second derivative of 1/2*c**2 - 1/20*c**5 - 1/12*c**4 + 0*c**3 + c + 0. List the prime factors of l(-2).
5
What are the prime factors of (4/(-6))/((-4)/204)?
2, 17
Suppose -5*l + l = 3*s - 211, 4*l = -5*s + 213. List the prime factors of l.
2, 13
Let r(i) = 